{"id":174,"date":"2021-09-13T14:04:25","date_gmt":"2021-09-13T12:04:25","guid":{"rendered":"https:\/\/www.jalmalv-federation.fr\/annuaire\/?post_type=listing&#038;p=174"},"modified":"2025-07-31T09:25:32","modified_gmt":"2025-07-31T07:25:32","slug":"jalmalv-strasbourg","status":"publish","type":"listing","link":"https:\/\/www.jalmalv-federation.fr\/annuaire\/listing\/jalmalv-strasbourg\/","title":{"rendered":"Jalmalv Strasbourg"},"content":{"rendered":"<p><img loading=\"lazy\" decoding=\"async\" class=\"alignnone size-medium wp-image-669\" src=\"https:\/\/www.jalmalv-federation.fr\/annuaire\/wp-content\/uploads\/2021\/09\/strasbourg-jalmalv-300x99.jpg\" alt=\"\" width=\"300\" height=\"99\" srcset=\"https:\/\/www.jalmalv-federation.fr\/annuaire\/wp-content\/uploads\/2021\/09\/strasbourg-jalmalv-300x99.jpg 300w, https:\/\/www.jalmalv-federation.fr\/annuaire\/wp-content\/uploads\/2021\/09\/strasbourg-jalmalv-1024x337.jpg 1024w, https:\/\/www.jalmalv-federation.fr\/annuaire\/wp-content\/uploads\/2021\/09\/strasbourg-jalmalv-768x252.jpg 768w, https:\/\/www.jalmalv-federation.fr\/annuaire\/wp-content\/uploads\/2021\/09\/strasbourg-jalmalv-1536x505.jpg 1536w, https:\/\/www.jalmalv-federation.fr\/annuaire\/wp-content\/uploads\/2021\/09\/strasbourg-jalmalv-2048x673.jpg 2048w\" sizes=\"auto, (max-width: 300px) 100vw, 300px\" \/><\/p>\n<p>&nbsp;<\/p>\n<p>Jalmalv Strasbourg oeuvre depuis 1993 pour que la fin de vie et le temps du deuil ne soient plus des moments de solitude et de d\u00e9tresse.<\/p>\n<p>Les b\u00e9n\u00e9voles de l&#8217;association accompagnent des personnes fragilis\u00e9es par la maladie grave, le grand \u00e2ge, la fin de vie et accompagnent \u00e9galement leurs proches. Les rencontres ont lieu \u00e0 <a href=\"https:\/\/www.jalmalv-federation.fr\/annuaire\/wp-content\/uploads\/2025\/07\/Flyer-domicile-Jalmalv-Strasbourg-sans-photo-vert_rouge.pdf\" target=\"_blank\" rel=\"noopener\">domicile<\/a> et dans les institutions qui le souhaitent, apr\u00e8s signature d&#8217;une convention.<\/p>\n<p>Les b\u00e9n\u00e9voles offrent \u00e9galement un accompagnement des personnes en deuil, sous forme d&#8217;une \u00e9coute t\u00e9l\u00e9phonique ou de rencontre individuelle ;<\/p>\n<p>les b\u00e9n\u00e9voles animent des <a href=\"https:\/\/www.jalmalv-federation.fr\/annuaire\/wp-content\/uploads\/2025\/07\/Flyer-Vous-etes-en-deuil-parler-soulage.pdf\" target=\"_blank\" rel=\"noopener\">groupes d&#8217;entraide<\/a> tout au long de l&#8217;ann\u00e9e pour les adultes \u00e9prouv\u00e9s par la perte d&#8217;un proche.<\/p>\n<p>Les b\u00e9n\u00e9voles sont \u00e9galement impliqu\u00e9s dans des actions concernant la sensibilisation des citoyens \u00e0 ces probl\u00e9matiques et soutiennent des actions en lien avec les droits des malades et le d\u00e9veloppement des soins palliatifs : par exemple, <a href=\"https:\/\/www.jalmalv-federation.fr\/annuaire\/wp-content\/uploads\/2025\/07\/FLYER-ATELIER-2025-2026-R\u00b0V\u00b0.pdf\" target=\"_blank\" rel=\"noopener\">ateliers &#8220;la mort dans ma vie&#8221;<\/a>, rencontres avec le public <a href=\"https:\/\/www.jalmalv-federation.fr\/annuaire\/wp-content\/uploads\/2025\/07\/Affiche-jai-pige.pdf\" target=\"_blank\" rel=\"noopener\">&#8220;j&#8217;ai pig\u00e9, ma fin\u00a0de vie, \u00e7a me concerne&#8221;.<\/a><\/p>\n<p>&nbsp;<\/p>\n","protected":false},"author":68,"featured_media":0,"template":"","listing-category":[44],"list-tags":[],"location":[80],"class_list":["post-174","listing","type-listing","status-publish","hentry","listing-category-grand-est","location-strasbourg"],"_links":{"self":[{"href":"https:\/\/www.jalmalv-federation.fr\/annuaire\/wp-json\/wp\/v2\/listing\/174","targetHints":{"allow":["GET"]}}],"collection":[{"href":"https:\/\/www.jalmalv-federation.fr\/annuaire\/wp-json\/wp\/v2\/listing"}],"about":[{"href":"https:\/\/www.jalmalv-federation.fr\/annuaire\/wp-json\/wp\/v2\/types\/listing"}],"author":[{"embeddable":true,"href":"https:\/\/www.jalmalv-federation.fr\/annuaire\/wp-json\/wp\/v2\/users\/68"}],"wp:attachment":[{"href":"https:\/\/www.jalmalv-federation.fr\/annuaire\/wp-json\/wp\/v2\/media?parent=174"}],"wp:term":[{"taxonomy":"listing-category","embeddable":true,"href":"https:\/\/www.jalmalv-federation.fr\/annuaire\/wp-json\/wp\/v2\/listing-category?post=174"},{"taxonomy":"list-tags","embeddable":true,"href":"https:\/\/www.jalmalv-federation.fr\/annuaire\/wp-json\/wp\/v2\/list-tags?post=174"},{"taxonomy":"location","embeddable":true,"href":"https:\/\/www.jalmalv-federation.fr\/annuaire\/wp-json\/wp\/v2\/location?post=174"}],"curies":[{"name":"wp","href":"https:\/\/api.w.org\/{rel}","templated":true}]}}

<p><img loading="lazy" decoding="async" class="alignnone size-medium wp-image-669" src="https://www.jalmalv-federation.fr/annuaire/wp-content/uploads/2021/09/strasbourg-jalmalv-300x99.jpg" alt="" width="300" height="99" srcset="https://www.jalmalv-federation.fr/annuaire/wp-content/uploads/2021/09/strasbourg-jalmalv-300x99.jpg 300w, https://www.jalmalv-federation.fr/annuaire/wp-content/uploads/2021/09/strasbourg-jalmalv-1024x337.jpg 1024w, https://www.jalmalv-federation.fr/annuaire/wp-content/uploads/2021/09/strasbourg-jalmalv-768x252.jpg 768w, https://www.jalmalv-federation.fr/annuaire/wp-content/uploads/2021/09/strasbourg-jalmalv-1536x505.jpg 1536w, https://www.jalmalv-federation.fr/annuaire/wp-content/uploads/2021/09/strasbourg-jalmalv-2048x673.jpg 2048w" sizes="auto, (max-width: 300px) 100vw, 300px" /></p>
<p>&nbsp;</p>
<p>Jalmalv Strasbourg oeuvre depuis 1993 pour que la fin de vie et le temps du deuil ne soient plus des moments de solitude et de détresse.</p>
<p>Les bénévoles de l&#8217;association accompagnent des personnes fragilisées par la maladie grave, le grand âge, la fin de vie et accompagnent également leurs proches. Les rencontres ont lieu à <a href="https://www.jalmalv-federation.fr/annuaire/wp-content/uploads/2025/07/Flyer-domicile-Jalmalv-Strasbourg-sans-photo-vert_rouge.pdf" target="_blank" rel="noopener">domicile</a> et dans les institutions qui le souhaitent, après signature d&#8217;une convention.</p>
<p>Les bénévoles offrent également un accompagnement des personnes en deuil, sous forme d&#8217;une écoute téléphonique ou de rencontre individuelle ;</p>
<p>les bénévoles animent des <a href="https://www.jalmalv-federation.fr/annuaire/wp-content/uploads/2025/07/Flyer-Vous-etes-en-deuil-parler-soulage.pdf" target="_blank" rel="noopener">groupes d&#8217;entraide</a> tout au long de l&#8217;année pour les adultes éprouvés par la perte d&#8217;un proche.</p>
<p>Les bénévoles sont également impliqués dans des actions concernant la sensibilisation des citoyens à ces problématiques et soutiennent des actions en lien avec les droits des malades et le développement des soins palliatifs : par exemple, <a href="https://www.jalmalv-federation.fr/annuaire/wp-content/uploads/2025/07/FLYER-ATELIER-2025-2026-R°V°.pdf" target="_blank" rel="noopener">ateliers &#8220;la mort dans ma vie&#8221;</a>, rencontres avec le public <a href="https://www.jalmalv-federation.fr/annuaire/wp-content/uploads/2025/07/Affiche-jai-pige.pdf" target="_blank" rel="noopener">&#8220;j&#8217;ai pigé, ma fin de vie, ça me concerne&#8221;.</a></p>
<p>&nbsp;</p>
