{"id":163,"date":"2025-07-13T17:15:26","date_gmt":"2025-07-13T15:15:26","guid":{"rendered":"https:\/\/www.jalmalv-federation.fr\/annuaire\/?post_type=listing&#038;p=163"},"modified":"2025-07-25T17:20:15","modified_gmt":"2025-07-25T15:20:15","slug":"jalmalv-yvelines-association-p-marze","status":"publish","type":"listing","link":"https:\/\/www.jalmalv-federation.fr\/annuaire\/listing\/jalmalv-yvelines-association-p-marze\/","title":{"rendered":"Jalmalv Yvelines \u2013 Association P. Marze"},"content":{"rendered":"<p style=\"text-align: justify\"><a href=\"https:\/\/www.jalmalv-federation.fr\/annuaire\/wp-content\/uploads\/2021\/09\/Livret-La-Missive-N\u00b013-VF.pdf\">Livret La Missive N\u00b013 VF<\/a><\/p>\n<p style=\"text-align: justify\">Association reconnue d&#8217;int\u00e9r\u00eat public, apolitique et areligieuse, compos\u00e9e de b\u00e9n\u00e9voles de structure et de b\u00e9n\u00e9voles d&#8217;accompagnement.<\/p>\n<p style=\"text-align: justify\">Nous accompagnons des malades en fin de vie ou pas, les familles et les aidants, les personnes en deuil.<\/p>\n<p style=\"text-align: justify\">Nos lieux d&#8217;intervention sont :<\/p>\n<ul>\n<li style=\"text-align: justify\"><strong>le CHIMM de Meulan\/Les Mureaux<\/strong> :<\/li>\n<\/ul>\n<p>l&#8217; h\u00f4pital Henri IV \u00e0 Meulan ,<\/p>\n<p>le site de B\u00e8cheville aux Mureaux : service de soins de suite, service de r\u00e9\u00e9ducation, service de soins de suite neurologique ,<\/p>\n<p>l&#8217;EHPAD Ch\u00e2telain-Guillet \u00e0 Meulan.<\/p>\n<ul>\n<li><strong>l&#8217;EHPAD Les Jardins M\u00e9dicis \u00e0 M\u00e9zy sur Seine,<\/strong><\/li>\n<li><strong>Accompagnements \u00e0 domicile<\/strong> en coordination avec le DAC 78 Nord, l&#8217;HAD L\u00e9opold Bellan \u00e0 Magnanville, l&#8217;HAD Sant\u00e9 Service.<\/li>\n<\/ul>\n<p>&nbsp;<\/p>\n<p><strong>Permanences deuil<\/strong> les jeudis impairs de 14 h 30 \u00e0 16 h 30 sans rendez-vous : 20 place L\u00e9tang 78250 Meulan<\/p>\n<p>Groupe de paroles pour les b\u00e9n\u00e9voles d&#8217;accompagnement 1 fois \/ mois<\/p>\n<p>Association active &#8211;\u00a0 \u00e9quipe form\u00e9e, motiv\u00e9e et bienveillante, \u00e0 votre \u00e9coute.<\/p>\n<p>Contact mail : <em>jalmalv.yvelines@gmail.com<\/em><\/p>\n<p>Site : <em>www.jalmalv78.com<\/em><\/p>\n","protected":false},"author":74,"featured_media":0,"template":"","listing-category":[47],"list-tags":[],"location":[69],"class_list":["post-163","listing","type-listing","status-publish","hentry","listing-category-ile-de-france","location-meulan-en-yvelines"],"_links":{"self":[{"href":"https:\/\/www.jalmalv-federation.fr\/annuaire\/wp-json\/wp\/v2\/listing\/163","targetHints":{"allow":["GET"]}}],"collection":[{"href":"https:\/\/www.jalmalv-federation.fr\/annuaire\/wp-json\/wp\/v2\/listing"}],"about":[{"href":"https:\/\/www.jalmalv-federation.fr\/annuaire\/wp-json\/wp\/v2\/types\/listing"}],"author":[{"embeddable":true,"href":"https:\/\/www.jalmalv-federation.fr\/annuaire\/wp-json\/wp\/v2\/users\/74"}],"wp:attachment":[{"href":"https:\/\/www.jalmalv-federation.fr\/annuaire\/wp-json\/wp\/v2\/media?parent=163"}],"wp:term":[{"taxonomy":"listing-category","embeddable":true,"href":"https:\/\/www.jalmalv-federation.fr\/annuaire\/wp-json\/wp\/v2\/listing-category?post=163"},{"taxonomy":"list-tags","embeddable":true,"href":"https:\/\/www.jalmalv-federation.fr\/annuaire\/wp-json\/wp\/v2\/list-tags?post=163"},{"taxonomy":"location","embeddable":true,"href":"https:\/\/www.jalmalv-federation.fr\/annuaire\/wp-json\/wp\/v2\/location?post=163"}],"curies":[{"name":"wp","href":"https:\/\/api.w.org\/{rel}","templated":true}]}}

<p style="text-align: justify"><a href="https://www.jalmalv-federation.fr/annuaire/wp-content/uploads/2021/09/Livret-La-Missive-N°13-VF.pdf">Livret La Missive N°13 VF</a></p>
<p style="text-align: justify">Association reconnue d&#8217;intérêt public, apolitique et areligieuse, composée de bénévoles de structure et de bénévoles d&#8217;accompagnement.</p>
<p style="text-align: justify">Nous accompagnons des malades en fin de vie ou pas, les familles et les aidants, les personnes en deuil.</p>
<p style="text-align: justify">Nos lieux d&#8217;intervention sont :</p>
<ul>
<li style="text-align: justify"><strong>le CHIMM de Meulan/Les Mureaux</strong> :</li>
</ul>
<p>l&#8217; hôpital Henri IV à Meulan ,</p>
<p>le site de Bècheville aux Mureaux : service de soins de suite, service de rééducation, service de soins de suite neurologique ,</p>
<p>l&#8217;EHPAD Châtelain-Guillet à Meulan.</p>
<ul>
<li><strong>l&#8217;EHPAD Les Jardins Médicis à Mézy sur Seine,</strong></li>
<li><strong>Accompagnements à domicile</strong> en coordination avec le DAC 78 Nord, l&#8217;HAD Léopold Bellan à Magnanville, l&#8217;HAD Santé Service.</li>
</ul>
<p>&nbsp;</p>
<p><strong>Permanences deuil</strong> les jeudis impairs de 14 h 30 à 16 h 30 sans rendez-vous : 20 place Létang 78250 Meulan</p>
<p>Groupe de paroles pour les bénévoles d&#8217;accompagnement 1 fois / mois</p>
<p>Association active &#8211;  équipe formée, motivée et bienveillante, à votre écoute.</p>
<p>Contact mail : <em>jalmalv.yvelines@gmail.com</em></p>
<p>Site : <em>www.jalmalv78.com</em></p>
