{"id":145,"date":"2021-09-06T12:30:09","date_gmt":"2021-09-06T10:30:09","guid":{"rendered":"https:\/\/www.jalmalv-federation.fr\/annuaire\/?post_type=listing&#038;p=145"},"modified":"2025-05-09T16:27:53","modified_gmt":"2025-05-09T14:27:53","slug":"accompagnement-en-loir-et-cher","status":"publish","type":"listing","link":"https:\/\/www.jalmalv-federation.fr\/annuaire\/listing\/accompagnement-en-loir-et-cher\/","title":{"rendered":"Jalmalv 41 Accompagner la Vie"},"content":{"rendered":"<h1>Les b\u00e9n\u00e9voles de Jalmalv41 accompagnent :<\/h1>\n<h2>En institution<\/h2>\n<ul>\n<li><strong>CENTRE HOSPITALIER de BLOIS<\/strong>\n<ul>\n<li>\u2026service Pneumologie<\/li>\n<li>\u2026service Oncologie<\/li>\n<\/ul>\n<\/li>\n<li><strong>POLYCLINIQUE de BLOIS<\/strong>\n<ul>\n<li>\u2026service Oncologie<\/li>\n<li>\u2026service N\u00e9phrologie<\/li>\n<\/ul>\n<\/li>\n<li><strong>CENTRE HOSPITALIER de VEND\u00d4ME<\/strong>\n<ul>\n<li>\u2026service M\u00e9decine<\/li>\n<li>\u2026service<\/li>\n<\/ul>\n<\/li>\n<li><strong>CENTRE de SOINS &#8220;Andr\u00e9 GIBOTTEAU&#8221; \u00e0 Vend\u00f4me<\/strong>\n<ul>\n<li>\u2026service G\u00e9riatrie<\/li>\n<\/ul>\n<\/li>\n<li><strong>H\u00d4PITAL LOCAL de MONTOIRE<\/strong>\n<ul>\n<li>\u2026service S.S.R.<\/li>\n<li>\u2026service EHPAD<\/li>\n<\/ul>\n<\/li>\n<li><strong>H\u00d4PITAL LOCAL de MONTRICHARD<\/strong>\n<ul>\n<li>\u2026service EHPAD<\/li>\n<li>\u2026service<\/li>\n<\/ul>\n<\/li>\n<li><strong>H\u00d4PITAL LOCAL de<\/strong>\n<ul>\n<li>\u2026service<\/li>\n<li>\u2026service<\/li>\n<\/ul>\n<\/li>\n<li><strong>La Maison CLAUDE de FRANCE&#8221; \u00e0 CHAILLES<\/strong>\n<ul>\n<li>\u2026service<\/li>\n<li>\u2026service<\/li>\n<\/ul>\n<\/li>\n<li><strong>Maison de Retraite &#8220;EHPAD&#8221; de SALBRIS<\/strong>\n<ul>\n<li>\u2026service<\/li>\n<\/ul>\n<\/li>\n<li><strong>Maison de Retraite de SAINT GEORGES sur CHER<\/strong>\n<ul>\n<li>\u2026service<\/li>\n<\/ul>\n<\/li>\n<li><strong>Maison de Retraite de SAINT AMAND LONGPRE<\/strong>\n<ul>\n<li>\u2026service<\/li>\n<\/ul>\n<\/li>\n<li><strong>Maison de Retraite &#8220;EHPAD&#8221; d&#8217;ONZAIN<\/strong>\n<ul>\n<li>\u2026service<\/li>\n<\/ul>\n<\/li>\n<\/ul>\n<div class=\"vspace\"><\/div>\n<h2>\u00a0\u00c0 domicile<\/h2>\n<ul>\n<li>sur demande : appelez le 02-54-42-26-31<\/li>\n<\/ul>\n<div class=\"vspace\"><\/div>\n<h2>Accompagnement des personnes en deuil<\/h2>\n<ul>\n<li>Accompagnement individuel sur demande, assur\u00e9 par des b\u00e9n\u00e9voles form\u00e9s \u00e0 cet effet<\/li>\n<li>Groupe de soutien mis en place en fonction des demandes<\/li>\n<\/ul>\n<div class=\"vspace\"><\/div>\n<h2>Groupes de parole<\/h2>\n<ul>\n<li>r\u00e9serv\u00e9 aux b\u00e9n\u00e9voles d&#8217;accompagnement en activit\u00e9<\/li>\n<li>une fois par mois, \u00e0 <strong>BLOIS<\/strong> et <strong>VENDOME<\/strong>, anim\u00e9s par un psychologue<\/li>\n<\/ul>\n<div class=\"vspace\"><\/div>\n<h2>Biblioth\u00e8que et vid\u00e9oth\u00e8que<\/h2>\n<ul>\n<li>Pr\u00eat d&#8217;ouvrages \u00e0 titre gratuit<\/li>\n<li>Vid\u00e9os \u00e0 visionner sur place<\/li>\n<\/ul>\n<div class=\"vspace\"><\/div>\n<h2>Bulletin d&#8217;information <strong>JOURNAL &#8220;ECOUTE&#8221;<\/strong><\/h2>\n<ul>\n<li>Dernier num\u00e9ro publi\u00e9 en OCTOBRE 2016 : N\u00b0\u00a030<\/li>\n<\/ul>\n<p><em>T\u00e9l\u00e9charger le PDF de ce num\u00e9ro<\/em> :<\/p>\n<h2>Partenariat local<\/h2>\n<ul>\n<li>avec le R\u00e9seau de soins palliatifs<\/li>\n<li>avec l&#8217;EADSP 41<\/li>\n<\/ul>\n","protected":false},"author":11,"featured_media":0,"template":"","listing-category":[43],"list-tags":[],"location":[59],"class_list":["post-145","listing","type-listing","status-publish","hentry","listing-category-centre-val-de-loire","location-blois"],"_links":{"self":[{"href":"https:\/\/www.jalmalv-federation.fr\/annuaire\/wp-json\/wp\/v2\/listing\/145","targetHints":{"allow":["GET"]}}],"collection":[{"href":"https:\/\/www.jalmalv-federation.fr\/annuaire\/wp-json\/wp\/v2\/listing"}],"about":[{"href":"https:\/\/www.jalmalv-federation.fr\/annuaire\/wp-json\/wp\/v2\/types\/listing"}],"author":[{"embeddable":true,"href":"https:\/\/www.jalmalv-federation.fr\/annuaire\/wp-json\/wp\/v2\/users\/11"}],"wp:attachment":[{"href":"https:\/\/www.jalmalv-federation.fr\/annuaire\/wp-json\/wp\/v2\/media?parent=145"}],"wp:term":[{"taxonomy":"listing-category","embeddable":true,"href":"https:\/\/www.jalmalv-federation.fr\/annuaire\/wp-json\/wp\/v2\/listing-category?post=145"},{"taxonomy":"list-tags","embeddable":true,"href":"https:\/\/www.jalmalv-federation.fr\/annuaire\/wp-json\/wp\/v2\/list-tags?post=145"},{"taxonomy":"location","embeddable":true,"href":"https:\/\/www.jalmalv-federation.fr\/annuaire\/wp-json\/wp\/v2\/location?post=145"}],"curies":[{"name":"wp","href":"https:\/\/api.w.org\/{rel}","templated":true}]}}

<h1>Les bénévoles de Jalmalv41 accompagnent :</h1>
<h2>En institution</h2>
<ul>
<li><strong>CENTRE HOSPITALIER de BLOIS</strong>
<ul>
<li>…service Pneumologie</li>
<li>…service Oncologie</li>
</ul>
</li>
<li><strong>POLYCLINIQUE de BLOIS</strong>
<ul>
<li>…service Oncologie</li>
<li>…service Néphrologie</li>
</ul>
</li>
<li><strong>CENTRE HOSPITALIER de VENDÔME</strong>
<ul>
<li>…service Médecine</li>
<li>…service</li>
</ul>
</li>
<li><strong>CENTRE de SOINS &#8220;André GIBOTTEAU&#8221; à Vendôme</strong>
<ul>
<li>…service Gériatrie</li>
</ul>
</li>
<li><strong>HÔPITAL LOCAL de MONTOIRE</strong>
<ul>
<li>…service S.S.R.</li>
<li>…service EHPAD</li>
</ul>
</li>
<li><strong>HÔPITAL LOCAL de MONTRICHARD</strong>
<ul>
<li>…service EHPAD</li>
<li>…service</li>
</ul>
</li>
<li><strong>HÔPITAL LOCAL de</strong>
<ul>
<li>…service</li>
<li>…service</li>
</ul>
</li>
<li><strong>La Maison CLAUDE de FRANCE&#8221; à CHAILLES</strong>
<ul>
<li>…service</li>
<li>…service</li>
</ul>
</li>
<li><strong>Maison de Retraite &#8220;EHPAD&#8221; de SALBRIS</strong>
<ul>
<li>…service</li>
</ul>
</li>
<li><strong>Maison de Retraite de SAINT GEORGES sur CHER</strong>
<ul>
<li>…service</li>
</ul>
</li>
<li><strong>Maison de Retraite de SAINT AMAND LONGPRE</strong>
<ul>
<li>…service</li>
</ul>
</li>
<li><strong>Maison de Retraite &#8220;EHPAD&#8221; d&#8217;ONZAIN</strong>
<ul>
<li>…service</li>
</ul>
</li>
</ul>
<div class="vspace"></div>
<h2> À domicile</h2>
<ul>
<li>sur demande : appelez le 02-54-42-26-31</li>
</ul>
<div class="vspace"></div>
<h2>Accompagnement des personnes en deuil</h2>
<ul>
<li>Accompagnement individuel sur demande, assuré par des bénévoles formés à cet effet</li>
<li>Groupe de soutien mis en place en fonction des demandes</li>
</ul>
<div class="vspace"></div>
<h2>Groupes de parole</h2>
<ul>
<li>réservé aux bénévoles d&#8217;accompagnement en activité</li>
<li>une fois par mois, à <strong>BLOIS</strong> et <strong>VENDOME</strong>, animés par un psychologue</li>
</ul>
<div class="vspace"></div>
<h2>Bibliothèque et vidéothèque</h2>
<ul>
<li>Prêt d&#8217;ouvrages à titre gratuit</li>
<li>Vidéos à visionner sur place</li>
</ul>
<div class="vspace"></div>
<h2>Bulletin d&#8217;information <strong>JOURNAL &#8220;ECOUTE&#8221;</strong></h2>
<ul>
<li>Dernier numéro publié en OCTOBRE 2016 : N° 30</li>
</ul>
<p><em>Télécharger le PDF de ce numéro</em> :</p>
<h2>Partenariat local</h2>
<ul>
<li>avec le Réseau de soins palliatifs</li>
<li>avec l&#8217;EADSP 41</li>
</ul>
