{"id":142,"date":"2021-09-06T12:24:40","date_gmt":"2021-09-06T10:24:40","guid":{"rendered":"https:\/\/www.jalmalv-federation.fr\/annuaire\/?post_type=listing&#038;p=142"},"modified":"2025-07-28T18:28:57","modified_gmt":"2025-07-28T16:28:57","slug":"jalmalv-marne","status":"publish","type":"listing","link":"https:\/\/www.jalmalv-federation.fr\/annuaire\/listing\/jalmalv-marne\/","title":{"rendered":"Jalmalv Marne"},"content":{"rendered":"<p><span style=\"color: #008000\">Depuis sa cr\u00e9ation en d\u00e9cembre 1996, <strong>JALMALV-Marne<\/strong> recrute, forme, encadre des accompagnants b\u00e9n\u00e9voles qui interviennent aupr\u00e8s des personnes gravement malades, fragilis\u00e9es par le grand \u00e2ge ou en fin de vie, au sein des h\u00f4pitaux et EHPAD de la Marne, en particulier dans les services de soins palliatifs.<\/span><\/p>\n<p><span style=\"color: #008000\">Les b\u00e9n\u00e9voles d\u2019accompagnement interviennent actuellement au CHU de Reims, \u00e0 la Polyclinique Courlancy, au CH de Ch\u00e2lons-en-Champagne, au CH Auban-Mo\u00ebt d\u2019Epernay, au CH de Vitry-le-Fran\u00e7ois et au CH d\u2019Argonne de Ste-M\u00e9nehould.<\/span><\/p>\n<p><span style=\"color: #008000\">L\u2019association organise r\u00e9guli\u00e8rement des conf\u00e9rences d\u00e9bats ou des rencontres de sensibilisation sur toutes les questions entourant la fin de vie. Elle participe \u00e0 de nombreux forums ou manifestations organis\u00e9s par les communes ou les partenaires.<\/span><\/p>\n<p><span style=\"color: #008000\">Si vous agr\u00e9ez notre action, vous pouvez nous soutenir par une adh\u00e9sion en tant que sympathisant. Vous pouvez aussi vous engager parmi les b\u00e9n\u00e9voles pour devenir accompagnant ou pour contribuer au fonctionnement de l\u2019association.<\/span><\/p>\n<p><span style=\"color: #008000\">Il n\u2019y a pas de permanence au si\u00e8ge de notre association mais un membre du Bureau peut vous rencontrer sur rendez-vous. Prenez contact avec nous par notre site\u00a0<strong><a style=\"color: #008000\" href=\"http:\/\/www.jalmalv51.fr\/\" target=\"_blank\" rel=\"noopener\" data-saferedirecturl=\"https:\/\/www.google.com\/url?q=http:\/\/www.jalmalv51.fr\/&amp;source=gmail&amp;ust=1753805685648000&amp;usg=AOvVaw13gW0Rgc52aCl7LNRdbje5\">www.jalmalv51.fr<\/a><\/strong>, par l\u2019envoi d\u2019un courriel\u00a0<strong><em>jalmalv51@gmail.com<\/em><\/strong>,\u00a0ou un message laiss\u00e9 sur notre r\u00e9pondeur 03 26 86 42 47.<\/span><\/p>\n<p><span style=\"color: #993300\"><strong>Retrouvez toute l&#8217;information sur notre association marnaise sur notre site : www.jalmalv51.fr<\/strong><\/span><\/p>\n<p><a href=\"http:\/\/www.jalmalv51.fr\/pages\/soins-palliatifs\/\" target=\"_blank\" rel=\"noopener\"><img loading=\"lazy\" decoding=\"async\" class=\"alignnone wp-image-651\" src=\"https:\/\/www.jalmalv-federation.fr\/annuaire\/wp-content\/uploads\/2021\/09\/Action-humanitaire-locale-219x300.png\" alt=\"\" width=\"292\" height=\"400\" srcset=\"https:\/\/www.jalmalv-federation.fr\/annuaire\/wp-content\/uploads\/2021\/09\/Action-humanitaire-locale-219x300.png 219w, https:\/\/www.jalmalv-federation.fr\/annuaire\/wp-content\/uploads\/2021\/09\/Action-humanitaire-locale-748x1024.png 748w, https:\/\/www.jalmalv-federation.fr\/annuaire\/wp-content\/uploads\/2021\/09\/Action-humanitaire-locale-768x1051.png 768w, https:\/\/www.jalmalv-federation.fr\/annuaire\/wp-content\/uploads\/2021\/09\/Action-humanitaire-locale-1122x1536.png 1122w, https:\/\/www.jalmalv-federation.fr\/annuaire\/wp-content\/uploads\/2021\/09\/Action-humanitaire-locale.png 1484w\" sizes=\"auto, (max-width: 292px) 100vw, 292px\" \/><\/a><\/p>\n","protected":false},"author":67,"featured_media":0,"template":"","listing-category":[44],"list-tags":[],"location":[56],"class_list":["post-142","listing","type-listing","status-publish","hentry","listing-category-grand-est","location-reims"],"_links":{"self":[{"href":"https:\/\/www.jalmalv-federation.fr\/annuaire\/wp-json\/wp\/v2\/listing\/142","targetHints":{"allow":["GET"]}}],"collection":[{"href":"https:\/\/www.jalmalv-federation.fr\/annuaire\/wp-json\/wp\/v2\/listing"}],"about":[{"href":"https:\/\/www.jalmalv-federation.fr\/annuaire\/wp-json\/wp\/v2\/types\/listing"}],"author":[{"embeddable":true,"href":"https:\/\/www.jalmalv-federation.fr\/annuaire\/wp-json\/wp\/v2\/users\/67"}],"wp:attachment":[{"href":"https:\/\/www.jalmalv-federation.fr\/annuaire\/wp-json\/wp\/v2\/media?parent=142"}],"wp:term":[{"taxonomy":"listing-category","embeddable":true,"href":"https:\/\/www.jalmalv-federation.fr\/annuaire\/wp-json\/wp\/v2\/listing-category?post=142"},{"taxonomy":"list-tags","embeddable":true,"href":"https:\/\/www.jalmalv-federation.fr\/annuaire\/wp-json\/wp\/v2\/list-tags?post=142"},{"taxonomy":"location","embeddable":true,"href":"https:\/\/www.jalmalv-federation.fr\/annuaire\/wp-json\/wp\/v2\/location?post=142"}],"curies":[{"name":"wp","href":"https:\/\/api.w.org\/{rel}","templated":true}]}}

<p><span style="color: #008000">Depuis sa création en décembre 1996, <strong>JALMALV-Marne</strong> recrute, forme, encadre des accompagnants bénévoles qui interviennent auprès des personnes gravement malades, fragilisées par le grand âge ou en fin de vie, au sein des hôpitaux et EHPAD de la Marne, en particulier dans les services de soins palliatifs.</span></p>
<p><span style="color: #008000">Les bénévoles d’accompagnement interviennent actuellement au CHU de Reims, à la Polyclinique Courlancy, au CH de Châlons-en-Champagne, au CH Auban-Moët d’Epernay, au CH de Vitry-le-François et au CH d’Argonne de Ste-Ménehould.</span></p>
<p><span style="color: #008000">L’association organise régulièrement des conférences débats ou des rencontres de sensibilisation sur toutes les questions entourant la fin de vie. Elle participe à de nombreux forums ou manifestations organisés par les communes ou les partenaires.</span></p>
<p><span style="color: #008000">Si vous agréez notre action, vous pouvez nous soutenir par une adhésion en tant que sympathisant. Vous pouvez aussi vous engager parmi les bénévoles pour devenir accompagnant ou pour contribuer au fonctionnement de l’association.</span></p>
<p><span style="color: #008000">Il n’y a pas de permanence au siège de notre association mais un membre du Bureau peut vous rencontrer sur rendez-vous. Prenez contact avec nous par notre site <strong><a style="color: #008000" href="http://www.jalmalv51.fr/" target="_blank" rel="noopener" data-saferedirecturl="https://www.google.com/url?q=http://www.jalmalv51.fr/&amp;source=gmail&amp;ust=1753805685648000&amp;usg=AOvVaw13gW0Rgc52aCl7LNRdbje5">www.jalmalv51.fr</a></strong>, par l’envoi d’un courriel <strong><em>jalmalv51@gmail.com</em></strong>, ou un message laissé sur notre répondeur 03 26 86 42 47.</span></p>
<p><span style="color: #993300"><strong>Retrouvez toute l&#8217;information sur notre association marnaise sur notre site : www.jalmalv51.fr</strong></span></p>
<p><a href="http://www.jalmalv51.fr/pages/soins-palliatifs/" target="_blank" rel="noopener"><img loading="lazy" decoding="async" class="alignnone wp-image-651" src="https://www.jalmalv-federation.fr/annuaire/wp-content/uploads/2021/09/Action-humanitaire-locale-219x300.png" alt="" width="292" height="400" srcset="https://www.jalmalv-federation.fr/annuaire/wp-content/uploads/2021/09/Action-humanitaire-locale-219x300.png 219w, https://www.jalmalv-federation.fr/annuaire/wp-content/uploads/2021/09/Action-humanitaire-locale-748x1024.png 748w, https://www.jalmalv-federation.fr/annuaire/wp-content/uploads/2021/09/Action-humanitaire-locale-768x1051.png 768w, https://www.jalmalv-federation.fr/annuaire/wp-content/uploads/2021/09/Action-humanitaire-locale-1122x1536.png 1122w, https://www.jalmalv-federation.fr/annuaire/wp-content/uploads/2021/09/Action-humanitaire-locale.png 1484w" sizes="auto, (max-width: 292px) 100vw, 292px" /></a></p>
